{"id":293,"date":"2026-02-10T10:58:10","date_gmt":"2026-02-10T10:58:10","guid":{"rendered":"https:\/\/makra-computershop.nl\/?post_type=product&#038;p=293"},"modified":"2026-02-10T10:58:14","modified_gmt":"2026-02-10T10:58:14","slug":"1000037-terra-all-in-one-pc-2410ha-greenline","status":"publish","type":"product","link":"https:\/\/makra-computershop.nl\/index.php\/product\/1000037-terra-all-in-one-pc-2410ha-greenline\/","title":{"rendered":"1000037 | TERRA ALL-IN-ONE-PC 2410HA GREENLINE"},"content":{"rendered":"<p>De in hoogte verstelbare AIO 2410 HA PC\u00a0met een snel SSD opslagmedium. Aangedreven door een op prestaties gerichte Intel Core\u2122 processor. Deze ruimtebespaarder past perfect in iedere kantooromgeving en is met de optioneel te kopen VESA-mount gemakkelijk aan muren te bevestigen. Nu met intrekbare 5MP webcam.<\/p>\n<table id=\"ctl00_ctl00_ctl00_SiteContent_SiteContent_SiteContent_articleFeatureDisplayDetails_gridViewProductAttributes\" class=\"table table-condensed\" border=\"0\" cellspacing=\"0\">\n<tbody>\n<tr>\n<td class=\"col-xs-3\"><\/td>\n<td><strong>Algemeen<\/strong><\/td>\n<\/tr>\n<tr>\n<td class=\"col-xs-3\">Processormodel<\/td>\n<td>Intel Core i5 (12. Gen.) 12400 \/ 2.5 GHz tot 4.4 GHz met Intel Turbo Boost Technology, 18 MB Intel Smart Cache<\/td>\n<\/tr>\n<tr>\n<td class=\"col-xs-3\">Besturingssysteem<\/td>\n<td>Windows 11 Pro<\/td>\n<\/tr>\n<tr>\n<td class=\"col-xs-3\"><\/td>\n<td><strong>Software<\/strong><\/td>\n<\/tr>\n<tr>\n<td class=\"col-xs-3\">Voorge\u00efnstalleerde software<\/td>\n<td>30 Dagen testversie voor Microsoft\u00ae 365 nieuwe klanten.<\/td>\n<\/tr>\n<tr>\n<td class=\"col-xs-3\"><\/td>\n<td><strong>Beeldscherm<\/strong><\/td>\n<\/tr>\n<tr>\n<td class=\"col-xs-3\">Resolutie<\/td>\n<td>1920 x 1080 ( Full HD )<\/td>\n<\/tr>\n<tr>\n<td class=\"col-xs-3\">Type beeldscherm<\/td>\n<td>LCD &#8211; zonder touchfunctie<br \/>\nKleur: zilver (front + voet), zwart (achterkant)<\/td>\n<\/tr>\n<tr>\n<td class=\"col-xs-3\">Helderheid<\/td>\n<td>250 cd\/m2<\/td>\n<\/tr>\n<tr>\n<td class=\"col-xs-3\">Responstijd<\/td>\n<td>14 ms<\/td>\n<\/tr>\n<tr>\n<td class=\"col-xs-3\">Typische contrastverhouding<\/td>\n<td>1300:1<\/td>\n<\/tr>\n<tr>\n<td class=\"col-xs-3\">Kijkhoek, horizontaal<\/td>\n<td>178<\/td>\n<\/tr>\n<tr>\n<td class=\"col-xs-3\">Kijkhoek, verticaal<\/td>\n<td>178<\/td>\n<\/tr>\n<tr>\n<td class=\"col-xs-3\">LED backlight-type<\/td>\n<td>LED<\/td>\n<\/tr>\n<tr>\n<td class=\"col-xs-3\">Beeldschermdiagonaal<\/td>\n<td>23.8&#8243; (60.5 cm)<\/td>\n<\/tr>\n<tr>\n<td class=\"col-xs-3\"><\/td>\n<td><strong>Processor<\/strong><\/td>\n<\/tr>\n<tr>\n<td class=\"col-xs-3\">Processorfamilie<\/td>\n<td>Core i5<\/td>\n<\/tr>\n<tr>\n<td class=\"col-xs-3\">Aantal processorkernen<\/td>\n<td>Hexa-Core<\/td>\n<\/tr>\n<tr>\n<td class=\"col-xs-3\">Max. aantal SMP-processoren<\/td>\n<td>1<\/td>\n<\/tr>\n<tr>\n<td class=\"col-xs-3\">Processor socket<\/td>\n<td>FCLGA1700 (max. 65 Watt TDP)<\/td>\n<\/tr>\n<tr>\n<td class=\"col-xs-3\">Chipset moederbord<\/td>\n<td>Intel H610 Express<\/td>\n<\/tr>\n<tr>\n<td class=\"col-xs-3\"><\/td>\n<td><strong>Geheugen<\/strong><\/td>\n<\/tr>\n<tr>\n<td class=\"col-xs-3\">Intern geheugen<\/td>\n<td>16 GB<\/td>\n<\/tr>\n<tr>\n<td class=\"col-xs-3\">Geheugenlayout<\/td>\n<td>1x 16 GB<\/td>\n<\/tr>\n<tr>\n<td class=\"col-xs-3\">Maximum intern geheugen<\/td>\n<td>64 GB<\/td>\n<\/tr>\n<tr>\n<td class=\"col-xs-3\">Kloksnelheid geheugen<\/td>\n<td>5600 MHz<\/td>\n<\/tr>\n<tr>\n<td class=\"col-xs-3\">Intern geheugentype<\/td>\n<td>DDR5<\/td>\n<\/tr>\n<tr>\n<td class=\"col-xs-3\">Geheugenslots<\/td>\n<td>2<\/td>\n<\/tr>\n<tr>\n<td class=\"col-xs-3\">Geheugen form factor<\/td>\n<td>SO-DIMM, 260-polig<\/td>\n<\/tr>\n<tr>\n<td class=\"col-xs-3\"><\/td>\n<td><strong>Opslagmedia<\/strong><\/td>\n<\/tr>\n<tr>\n<td class=\"col-xs-3\">Totale opslagcapaciteit<\/td>\n<td>500 GB<\/td>\n<\/tr>\n<tr>\n<td class=\"col-xs-3\">HDD interface<\/td>\n<td>2x S-ATA 6GB\/s<br \/>\n1x M.2 type 2260\/2280 (SATA &amp; PCIe 4.0 x4 NVMe)<\/td>\n<\/tr>\n<tr>\n<td class=\"col-xs-3\">Soorten RAID<\/td>\n<td>Ondersteunt geen raid<\/td>\n<\/tr>\n<tr>\n<td class=\"col-xs-3\">Aantal storage drives ge\u00efnstalleerd<\/td>\n<td>1<\/td>\n<\/tr>\n<tr>\n<td class=\"col-xs-3\">SSD interfaces<\/td>\n<td>PCIe (NVMe)<\/td>\n<\/tr>\n<tr>\n<td class=\"col-xs-3\">SSD capaciteit<\/td>\n<td>500 GB<\/td>\n<\/tr>\n<tr>\n<td class=\"col-xs-3\">HDD capaciteit<\/td>\n<td>1 x 500 GB &#8211; solid state<\/td>\n<\/tr>\n<tr>\n<td class=\"col-xs-3\">Opslagmedia<\/td>\n<td>SSD M.2<\/td>\n<\/tr>\n<tr>\n<td class=\"col-xs-3\"><\/td>\n<td><strong>Optische drive<\/strong><\/td>\n<\/tr>\n<tr>\n<td class=\"col-xs-3\">Soort optische drive<\/td>\n<td>Geen optical drive<\/td>\n<\/tr>\n<tr>\n<td class=\"col-xs-3\"><\/td>\n<td><strong>Prestatie<\/strong><\/td>\n<\/tr>\n<tr>\n<td class=\"col-xs-3\">Type product<\/td>\n<td>Personal-Computer<\/td>\n<\/tr>\n<tr>\n<td class=\"col-xs-3\">Geluidsniveau<\/td>\n<td>0,5 Sone<\/td>\n<\/tr>\n<tr>\n<td class=\"col-xs-3\"><\/td>\n<td><strong>Toetsenbord<\/strong><\/td>\n<\/tr>\n<tr>\n<td class=\"col-xs-3\">Aansluiting<\/td>\n<td>USB<\/td>\n<\/tr>\n<tr>\n<td class=\"col-xs-3\"><\/td>\n<td><strong>Technische details<\/strong><\/td>\n<\/tr>\n<tr>\n<td class=\"col-xs-3\">Land<\/td>\n<td>International<\/td>\n<\/tr>\n<tr>\n<td class=\"col-xs-3\"><\/td>\n<td><strong>Inhoud van de verpakking<\/strong><\/td>\n<\/tr>\n<tr>\n<td class=\"col-xs-3\">Meegeleverde accessoires<\/td>\n<td>Quick Start Guide (DE\/ EN\/ FR), voeding EU<\/td>\n<\/tr>\n<tr>\n<td class=\"col-xs-3\">Inclusief toetsenbord<\/td>\n<td>Optioneel<\/td>\n<\/tr>\n<tr>\n<td class=\"col-xs-3\"><\/td>\n<td><strong>Gewicht en omvang<\/strong><\/td>\n<\/tr>\n<tr>\n<td class=\"col-xs-3\">Hoogte<\/td>\n<td>max.: 52.0 min.: 38.9 cm<\/td>\n<\/tr>\n<tr>\n<td class=\"col-xs-3\">Breedte<\/td>\n<td>54.0 cm<\/td>\n<\/tr>\n<tr>\n<td class=\"col-xs-3\">Diepte<\/td>\n<td>5.4<br \/>\nGrundfl\u00e4che Fuss: 25.4 x 24.3 (B x T) cm<\/td>\n<\/tr>\n<tr>\n<td class=\"col-xs-3\">Gewicht<\/td>\n<td>7.5 kg<\/td>\n<\/tr>\n<tr>\n<td class=\"col-xs-3\"><\/td>\n<td><strong>Overige specificaties<\/strong><\/td>\n<\/tr>\n<tr>\n<td class=\"col-xs-3\">Uitbreidingsslots<\/td>\n<td>1x 2.5&#8243; SSD<\/td>\n<\/tr>\n<tr>\n<td class=\"col-xs-3\">Interface<\/td>\n<td>Right: 1x USB 3.2 Gen1, 1x USB 3.2 Gen1 Type-C<br \/>\nBottom: 1x HDMI 2.0, 1x DP 1.4 supports Triple-screen<br \/>\n1x RJ45, 2xUSB 2.0, 2x USB 3.2 Gen2, Line in\/out, dc-in, Power Button<\/td>\n<\/tr>\n<tr>\n<td class=\"col-xs-3\">Compatibele besturingssystemen<\/td>\n<td>Windows 10, Windows 11<\/td>\n<\/tr>\n<tr>\n<td class=\"col-xs-3\">Maximum koelcapaciteit<\/td>\n<td>Actief<\/td>\n<\/tr>\n<tr>\n<td class=\"col-xs-3\">Voldoet aan industriestandaarden<\/td>\n<td>Dieses Ger\u00e4t wird als informationstechnische Einrichtung (ITE) der Klasse B eingestuft und ist haupts\u00e4chlich f\u00fcr den Betrieb im Wohn- und B\u00fcrobereich vorgesehen. Durch das CE-Zeichen wird die Konformit\u00e4t mit den folgenden EU-Richtlinien best\u00e4tigt: (1) EMV-Richtlinie 2004\/108\/EG Elektromagnetische Vertr\u00e4glichkeit (2) Niederspannungsrichtlinie 2006\/95\/EG Elektrische Betriebsmittel zur Verwendung innerhalb bestimmter Spannungsgrenzen.<\/td>\n<\/tr>\n<tr>\n<td class=\"col-xs-3\">Speciale eigenschappen<\/td>\n<td>Cam: 5m Aufl\u00f6sung<br \/>\n2x 3W Stereo Speaker<br \/>\nBluetooth<br \/>\nKensington-Lock<br \/>\nHigh-adjustable 105 mm<br \/>\nPivot Function<br \/>\nSwiveling -5\u00b0\/ +20\u00b0<\/p>\n<p>VESA 100&#215;100 mm WebCam 5MP<br \/>\n2x 3W Stereo Speaker<br \/>\nBluetooth<br \/>\nKensington-Lock<br \/>\nHigh-adjustable 105 mm<br \/>\nPivot Function<br \/>\nSwiveling -5\u00b0\/ +20\u00b0<\/p>\n<p>VESA 100&#215;100 mm<\/td>\n<\/tr>\n<tr>\n<td class=\"col-xs-3\"><\/td>\n<td><strong>Design<\/strong><\/td>\n<\/tr>\n<tr>\n<td class=\"col-xs-3\">Certificering<\/td>\n<td>Assemblage volgens ISO9001 in DE<br \/>\nCompatible: SMBios (DMI), EnergyStar 8.0), EN62368-1, EN55032, EN55035, EN61000-3-2\/3, EN62623, 89\/336\/ECC<\/td>\n<\/tr>\n<tr>\n<td class=\"col-xs-3\">Vormfactor<\/td>\n<td>All In One Non-Touch<\/td>\n<\/tr>\n<tr>\n<td class=\"col-xs-3\"><\/td>\n<td><strong>Muis<\/strong><\/td>\n<\/tr>\n<tr>\n<td class=\"col-xs-3\">Inclusief muis<\/td>\n<td>optioneel<\/td>\n<\/tr>\n<tr>\n<td class=\"col-xs-3\"><\/td>\n<td><strong>Grafisch<\/strong><\/td>\n<\/tr>\n<tr>\n<td class=\"col-xs-3\">Maximum resolutie<\/td>\n<td>HDMI 2.1 max. 4096 x 2160, DP 1.4 max. 4096 x 2304<\/td>\n<\/tr>\n<tr>\n<td class=\"col-xs-3\">Geheugen ingebouwde grafische adapter<\/td>\n<td>Dynamisch<\/td>\n<\/tr>\n<tr>\n<td class=\"col-xs-3\">Grafische adapter<\/td>\n<td>Intel UHD Graphics<\/td>\n<\/tr>\n<tr>\n<td class=\"col-xs-3\">On-board graphics adapter model<\/td>\n<td>Intel UHD Graphics<\/td>\n<\/tr>\n<tr>\n<td class=\"col-xs-3\"><\/td>\n<td><strong>Energie<\/strong><\/td>\n<\/tr>\n<tr>\n<td class=\"col-xs-3\">Stroombron<\/td>\n<td>External fanless power supply<\/td>\n<\/tr>\n<tr>\n<td class=\"col-xs-3\">Stroomverbruik (in standby)<\/td>\n<td>\u00d8 2.0 Watt (S3 Mode, Suspend to RAM, WOL geactiveerd)<\/td>\n<\/tr>\n<tr>\n<td class=\"col-xs-3\">Maximaal ingangsvermogen<\/td>\n<td>120 Watt<\/td>\n<\/tr>\n<tr>\n<td class=\"col-xs-3\">Voeding<\/td>\n<td>\u00d8 34,45 Watt Short Idle-Mode<br \/>\n115 kWh per Year (ETEC = Typical Energy Consumption)<\/td>\n<\/tr>\n<tr>\n<td class=\"col-xs-3\">AC-adapter ingangsspanning<\/td>\n<td>AC 120\/230 V<\/td>\n<\/tr>\n<tr>\n<td class=\"col-xs-3\"><\/td>\n<td><strong>Eisen aan de omgeving<\/strong><\/td>\n<\/tr>\n<tr>\n<td class=\"col-xs-3\">Bedrijfstemperatuur (T-T)<\/td>\n<td>5\u00b0 C &#8211; 35\u00b0 C<\/td>\n<\/tr>\n<tr>\n<td class=\"col-xs-3\">Maximum temperatuur in bedrijf<\/td>\n<td>35 \u00b0C<\/td>\n<\/tr>\n<tr>\n<td class=\"col-xs-3\">Aanbevolen relatieve luchtvochtigheid bij gebruik<\/td>\n<td>10-75% (niet condenserend )<\/td>\n<\/tr>\n<tr>\n<td class=\"col-xs-3\"><\/td>\n<td><strong>Netwerk<\/strong><\/td>\n<\/tr>\n<tr>\n<td class=\"col-xs-3\">Ethernet LAN<\/td>\n<td>Netwerkadapter &#8211; ge\u00efntegreerd<\/td>\n<\/tr>\n<tr>\n<td class=\"col-xs-3\">LAN controller<\/td>\n<td>Realtek Gigabit LAN, WOL\/ PXE<\/td>\n<\/tr>\n<tr>\n<td class=\"col-xs-3\">Wi-Fi-standaarden<\/td>\n<td>Intel Dual Band Wireless-AX 201<br \/>\nFrequenzband: 2.4 GHz + 5 GHz<br \/>\nDual Stream<br \/>\nWiFi 6 (802.11ax)<\/td>\n<\/tr>\n<tr>\n<td class=\"col-xs-3\">Datalink-protocollen<\/td>\n<td>Ethernet, Fast Ethernet, Gigabit Ethernet, IEEE 802.11ax<br \/>\nBluetooth 5.2<\/td>\n<\/tr>\n<tr>\n<td class=\"col-xs-3\"><\/td>\n<td><strong>Invoerapparaat<\/strong><\/td>\n<\/tr>\n<tr>\n<td class=\"col-xs-3\">Aansluiting<\/td>\n<td>USB<\/td>\n<\/tr>\n<tr>\n<td class=\"col-xs-3\"><\/td>\n<td><strong>Audio<\/strong><\/td>\n<\/tr>\n<tr>\n<td class=\"col-xs-3\">Audio-uitgangskanalen<\/td>\n<td>8 kanalen<\/td>\n<\/tr>\n<tr>\n<td class=\"col-xs-3\">Audiosysteem<\/td>\n<td>Audio integrated<\/td>\n<\/tr>\n<\/tbody>\n<\/table>\n","protected":false},"excerpt":{"rendered":"<h2>TERRA ALL-IN-ONE-PC 2410HA GREENLINE<\/h2>\n<ul>\n<li>Intel Core i5 (12. Gen.) 12400 \/ 2.5 GHz tot 4.4 GHz met Intel Turbo Boost Technology, 18 MB Intel Smart Cache<\/li>\n<li>Windows 11 Pro<\/li>\n<li>1920 x 1080 ( Full HD ) Resolutie<\/li>\n<li>Type beeldscherm LCD &#8211; zonder touchfunctie<br \/>\nKleur: zilver (front + voet), zwart (achterkant)<\/li>\n<li>23.8&#8243; (60.5 cm) Beeldschermdiagonaal<\/li>\n<li>16 GB Intern geheugen<\/li>\n<li>Intel UHD Graphics<\/li>\n<li>HDD capaciteit 1 x 500 GB &#8211; solid state<\/li>\n<li>Audiosysteem Audio integrated<\/li>\n<li><strong>Artikelnr.<\/strong>\u00a01000037<\/li>\n<li id=\"ctl00_ctl00_ctl00_SiteContent_SiteContent_SiteContent_SolrProductDisplay_ExtendedSwitchPanelViews_RepeaterProducts_ctl02_ListItemProductWarranty\"><span id=\"ctl00_ctl00_ctl00_SiteContent_SiteContent_SiteContent_SolrProductDisplay_ExtendedSwitchPanelViews_RepeaterProducts_ctl02_LabelProductWarranty\">Garantie TERRA PC 24H On-site service + dh 24 maanden<\/span><\/li>\n<li>Meer garantie bijkopen bij aankoop is mogelijk, Max. 60 maanden.<\/li>\n<\/ul>\n","protected":false},"featured_media":328,"comment_status":"open","ping_status":"closed","template":"","meta":[],"product_brand":[],"product_cat":[42,16],"product_tag":[],"class_list":{"0":"post-293","1":"product","2":"type-product","3":"status-publish","4":"has-post-thumbnail","6":"product_cat-all-in-one","7":"product_cat-terra-computers","9":"first","10":"instock","11":"taxable","12":"shipping-taxable","13":"purchasable","14":"product-type-simple"},"yoast_head":"<!-- This site is optimized with the Yoast SEO plugin v27.3 - https:\/\/yoast.com\/product\/yoast-seo-wordpress\/ -->\n<title>1000037 | TERRA ALL-IN-ONE-PC 2410HA GREENLINE - Hardware en Software<\/title>\n<meta name=\"robots\" content=\"index, follow, max-snippet:-1, max-image-preview:large, max-video-preview:-1\" \/>\n<link rel=\"canonical\" href=\"https:\/\/makra-computershop.nl\/index.php\/product\/1000037-terra-all-in-one-pc-2410ha-greenline\/\" \/>\n<meta property=\"og:locale\" content=\"nl_NL\" \/>\n<meta property=\"og:type\" content=\"article\" \/>\n<meta property=\"og:title\" content=\"1000037 | TERRA ALL-IN-ONE-PC 2410HA GREENLINE - Hardware en Software\" \/>\n<meta property=\"og:description\" content=\"TERRA ALL-IN-ONE-PC 2410HA GREENLINE   Intel Core i5 (12. Gen.) 12400 \/ 2.5 GHz tot 4.4 GHz met Intel Turbo Boost Technology, 18 MB Intel Smart Cache  Windows 11 Pro  1920 x 1080 ( Full HD ) Resolutie  Type beeldscherm LCD - zonder touchfunctie Kleur: zilver (front + voet), zwart (achterkant)  23.8&quot; (60.5 cm) Beeldschermdiagonaal  16 GB Intern geheugen  Intel UHD Graphics  HDD capaciteit 1 x 500 GB - solid state  Audiosysteem Audio integrated  Artikelnr.\u00a01000037  Garantie TERRA PC 24H On-site service + dh 24 maanden  Meer garantie bijkopen bij aankoop is mogelijk, Max. 60 maanden.\" \/>\n<meta property=\"og:url\" content=\"https:\/\/makra-computershop.nl\/index.php\/product\/1000037-terra-all-in-one-pc-2410ha-greenline\/\" \/>\n<meta property=\"og:site_name\" content=\"Hardware en Software\" \/>\n<meta property=\"article:publisher\" content=\"https:\/\/facebook.com\/makraautomatisering.nl\" \/>\n<meta property=\"article:modified_time\" content=\"2026-02-10T10:58:14+00:00\" \/>\n<meta property=\"og:image\" content=\"https:\/\/makra-computershop.nl\/wp-content\/uploads\/2026\/02\/item147053720000.jpg\" \/>\n\t<meta property=\"og:image:width\" content=\"605\" \/>\n\t<meta property=\"og:image:height\" content=\"605\" \/>\n\t<meta property=\"og:image:type\" content=\"image\/jpeg\" \/>\n<meta name=\"twitter:card\" content=\"summary_large_image\" \/>\n<meta name=\"twitter:label1\" content=\"Geschatte leestijd\" \/>\n\t<meta name=\"twitter:data1\" content=\"3 minuten\" \/>\n<script type=\"application\/ld+json\" class=\"yoast-schema-graph\">{\"@context\":\"https:\\\/\\\/schema.org\",\"@graph\":[{\"@type\":\"WebPage\",\"@id\":\"https:\\\/\\\/makra-computershop.nl\\\/index.php\\\/product\\\/1000037-terra-all-in-one-pc-2410ha-greenline\\\/\",\"url\":\"https:\\\/\\\/makra-computershop.nl\\\/index.php\\\/product\\\/1000037-terra-all-in-one-pc-2410ha-greenline\\\/\",\"name\":\"1000037 | TERRA ALL-IN-ONE-PC 2410HA GREENLINE - Hardware en Software\",\"isPartOf\":{\"@id\":\"https:\\\/\\\/makra-computershop.nl\\\/#website\"},\"primaryImageOfPage\":{\"@id\":\"https:\\\/\\\/makra-computershop.nl\\\/index.php\\\/product\\\/1000037-terra-all-in-one-pc-2410ha-greenline\\\/#primaryimage\"},\"image\":{\"@id\":\"https:\\\/\\\/makra-computershop.nl\\\/index.php\\\/product\\\/1000037-terra-all-in-one-pc-2410ha-greenline\\\/#primaryimage\"},\"thumbnailUrl\":\"https:\\\/\\\/makra-computershop.nl\\\/wp-content\\\/uploads\\\/2026\\\/02\\\/item147053720000.jpg\",\"datePublished\":\"2026-02-10T10:58:10+00:00\",\"dateModified\":\"2026-02-10T10:58:14+00:00\",\"breadcrumb\":{\"@id\":\"https:\\\/\\\/makra-computershop.nl\\\/index.php\\\/product\\\/1000037-terra-all-in-one-pc-2410ha-greenline\\\/#breadcrumb\"},\"inLanguage\":\"nl-NL\",\"potentialAction\":[{\"@type\":\"ReadAction\",\"target\":[\"https:\\\/\\\/makra-computershop.nl\\\/index.php\\\/product\\\/1000037-terra-all-in-one-pc-2410ha-greenline\\\/\"]}]},{\"@type\":\"ImageObject\",\"inLanguage\":\"nl-NL\",\"@id\":\"https:\\\/\\\/makra-computershop.nl\\\/index.php\\\/product\\\/1000037-terra-all-in-one-pc-2410ha-greenline\\\/#primaryimage\",\"url\":\"https:\\\/\\\/makra-computershop.nl\\\/wp-content\\\/uploads\\\/2026\\\/02\\\/item147053720000.jpg\",\"contentUrl\":\"https:\\\/\\\/makra-computershop.nl\\\/wp-content\\\/uploads\\\/2026\\\/02\\\/item147053720000.jpg\",\"width\":605,\"height\":605},{\"@type\":\"BreadcrumbList\",\"@id\":\"https:\\\/\\\/makra-computershop.nl\\\/index.php\\\/product\\\/1000037-terra-all-in-one-pc-2410ha-greenline\\\/#breadcrumb\",\"itemListElement\":[{\"@type\":\"ListItem\",\"position\":1,\"name\":\"Home\",\"item\":\"https:\\\/\\\/makra-computershop.nl\\\/\"},{\"@type\":\"ListItem\",\"position\":2,\"name\":\"Winkel\",\"item\":\"https:\\\/\\\/makra-computershop.nl\\\/\"},{\"@type\":\"ListItem\",\"position\":3,\"name\":\"1000037 | TERRA ALL-IN-ONE-PC 2410HA GREENLINE\"}]},{\"@type\":\"WebSite\",\"@id\":\"https:\\\/\\\/makra-computershop.nl\\\/#website\",\"url\":\"https:\\\/\\\/makra-computershop.nl\\\/\",\"name\":\"Makra-computershop.nl\",\"description\":\"\",\"publisher\":{\"@id\":\"https:\\\/\\\/makra-computershop.nl\\\/#organization\"},\"potentialAction\":[{\"@type\":\"SearchAction\",\"target\":{\"@type\":\"EntryPoint\",\"urlTemplate\":\"https:\\\/\\\/makra-computershop.nl\\\/?s={search_term_string}\"},\"query-input\":{\"@type\":\"PropertyValueSpecification\",\"valueRequired\":true,\"valueName\":\"search_term_string\"}}],\"inLanguage\":\"nl-NL\"},{\"@type\":\"Organization\",\"@id\":\"https:\\\/\\\/makra-computershop.nl\\\/#organization\",\"name\":\"Makra Automatisering\",\"url\":\"https:\\\/\\\/makra-computershop.nl\\\/\",\"logo\":{\"@type\":\"ImageObject\",\"inLanguage\":\"nl-NL\",\"@id\":\"https:\\\/\\\/makra-computershop.nl\\\/#\\\/schema\\\/logo\\\/image\\\/\",\"url\":\"https:\\\/\\\/makra-computershop.nl\\\/wp-content\\\/uploads\\\/2026\\\/02\\\/cropped-logo-1.gif\",\"contentUrl\":\"https:\\\/\\\/makra-computershop.nl\\\/wp-content\\\/uploads\\\/2026\\\/02\\\/cropped-logo-1.gif\",\"width\":179,\"height\":141,\"caption\":\"Makra Automatisering\"},\"image\":{\"@id\":\"https:\\\/\\\/makra-computershop.nl\\\/#\\\/schema\\\/logo\\\/image\\\/\"},\"sameAs\":[\"https:\\\/\\\/facebook.com\\\/makraautomatisering.nl\"]}]}<\/script>\n<!-- \/ Yoast SEO plugin. -->","yoast_head_json":{"title":"1000037 | TERRA ALL-IN-ONE-PC 2410HA GREENLINE - Hardware en Software","robots":{"index":"index","follow":"follow","max-snippet":"max-snippet:-1","max-image-preview":"max-image-preview:large","max-video-preview":"max-video-preview:-1"},"canonical":"https:\/\/makra-computershop.nl\/index.php\/product\/1000037-terra-all-in-one-pc-2410ha-greenline\/","og_locale":"nl_NL","og_type":"article","og_title":"1000037 | TERRA ALL-IN-ONE-PC 2410HA GREENLINE - Hardware en Software","og_description":"TERRA ALL-IN-ONE-PC 2410HA GREENLINE   Intel Core i5 (12. Gen.) 12400 \/ 2.5 GHz tot 4.4 GHz met Intel Turbo Boost Technology, 18 MB Intel Smart Cache  Windows 11 Pro  1920 x 1080 ( Full HD ) Resolutie  Type beeldscherm LCD - zonder touchfunctie Kleur: zilver (front + voet), zwart (achterkant)  23.8\" (60.5 cm) Beeldschermdiagonaal  16 GB Intern geheugen  Intel UHD Graphics  HDD capaciteit 1 x 500 GB - solid state  Audiosysteem Audio integrated  Artikelnr.\u00a01000037  Garantie TERRA PC 24H On-site service + dh 24 maanden  Meer garantie bijkopen bij aankoop is mogelijk, Max. 60 maanden.","og_url":"https:\/\/makra-computershop.nl\/index.php\/product\/1000037-terra-all-in-one-pc-2410ha-greenline\/","og_site_name":"Hardware en Software","article_publisher":"https:\/\/facebook.com\/makraautomatisering.nl","article_modified_time":"2026-02-10T10:58:14+00:00","og_image":[{"width":605,"height":605,"url":"https:\/\/makra-computershop.nl\/wp-content\/uploads\/2026\/02\/item147053720000.jpg","type":"image\/jpeg"}],"twitter_card":"summary_large_image","twitter_misc":{"Geschatte leestijd":"3 minuten"},"schema":{"@context":"https:\/\/schema.org","@graph":[{"@type":"WebPage","@id":"https:\/\/makra-computershop.nl\/index.php\/product\/1000037-terra-all-in-one-pc-2410ha-greenline\/","url":"https:\/\/makra-computershop.nl\/index.php\/product\/1000037-terra-all-in-one-pc-2410ha-greenline\/","name":"1000037 | TERRA ALL-IN-ONE-PC 2410HA GREENLINE - Hardware en Software","isPartOf":{"@id":"https:\/\/makra-computershop.nl\/#website"},"primaryImageOfPage":{"@id":"https:\/\/makra-computershop.nl\/index.php\/product\/1000037-terra-all-in-one-pc-2410ha-greenline\/#primaryimage"},"image":{"@id":"https:\/\/makra-computershop.nl\/index.php\/product\/1000037-terra-all-in-one-pc-2410ha-greenline\/#primaryimage"},"thumbnailUrl":"https:\/\/makra-computershop.nl\/wp-content\/uploads\/2026\/02\/item147053720000.jpg","datePublished":"2026-02-10T10:58:10+00:00","dateModified":"2026-02-10T10:58:14+00:00","breadcrumb":{"@id":"https:\/\/makra-computershop.nl\/index.php\/product\/1000037-terra-all-in-one-pc-2410ha-greenline\/#breadcrumb"},"inLanguage":"nl-NL","potentialAction":[{"@type":"ReadAction","target":["https:\/\/makra-computershop.nl\/index.php\/product\/1000037-terra-all-in-one-pc-2410ha-greenline\/"]}]},{"@type":"ImageObject","inLanguage":"nl-NL","@id":"https:\/\/makra-computershop.nl\/index.php\/product\/1000037-terra-all-in-one-pc-2410ha-greenline\/#primaryimage","url":"https:\/\/makra-computershop.nl\/wp-content\/uploads\/2026\/02\/item147053720000.jpg","contentUrl":"https:\/\/makra-computershop.nl\/wp-content\/uploads\/2026\/02\/item147053720000.jpg","width":605,"height":605},{"@type":"BreadcrumbList","@id":"https:\/\/makra-computershop.nl\/index.php\/product\/1000037-terra-all-in-one-pc-2410ha-greenline\/#breadcrumb","itemListElement":[{"@type":"ListItem","position":1,"name":"Home","item":"https:\/\/makra-computershop.nl\/"},{"@type":"ListItem","position":2,"name":"Winkel","item":"https:\/\/makra-computershop.nl\/"},{"@type":"ListItem","position":3,"name":"1000037 | TERRA ALL-IN-ONE-PC 2410HA GREENLINE"}]},{"@type":"WebSite","@id":"https:\/\/makra-computershop.nl\/#website","url":"https:\/\/makra-computershop.nl\/","name":"Makra-computershop.nl","description":"","publisher":{"@id":"https:\/\/makra-computershop.nl\/#organization"},"potentialAction":[{"@type":"SearchAction","target":{"@type":"EntryPoint","urlTemplate":"https:\/\/makra-computershop.nl\/?s={search_term_string}"},"query-input":{"@type":"PropertyValueSpecification","valueRequired":true,"valueName":"search_term_string"}}],"inLanguage":"nl-NL"},{"@type":"Organization","@id":"https:\/\/makra-computershop.nl\/#organization","name":"Makra Automatisering","url":"https:\/\/makra-computershop.nl\/","logo":{"@type":"ImageObject","inLanguage":"nl-NL","@id":"https:\/\/makra-computershop.nl\/#\/schema\/logo\/image\/","url":"https:\/\/makra-computershop.nl\/wp-content\/uploads\/2026\/02\/cropped-logo-1.gif","contentUrl":"https:\/\/makra-computershop.nl\/wp-content\/uploads\/2026\/02\/cropped-logo-1.gif","width":179,"height":141,"caption":"Makra Automatisering"},"image":{"@id":"https:\/\/makra-computershop.nl\/#\/schema\/logo\/image\/"},"sameAs":["https:\/\/facebook.com\/makraautomatisering.nl"]}]}},"_links":{"self":[{"href":"https:\/\/makra-computershop.nl\/index.php\/wp-json\/wp\/v2\/product\/293","targetHints":{"allow":["GET"]}}],"collection":[{"href":"https:\/\/makra-computershop.nl\/index.php\/wp-json\/wp\/v2\/product"}],"about":[{"href":"https:\/\/makra-computershop.nl\/index.php\/wp-json\/wp\/v2\/types\/product"}],"replies":[{"embeddable":true,"href":"https:\/\/makra-computershop.nl\/index.php\/wp-json\/wp\/v2\/comments?post=293"}],"wp:featuredmedia":[{"embeddable":true,"href":"https:\/\/makra-computershop.nl\/index.php\/wp-json\/wp\/v2\/media\/328"}],"wp:attachment":[{"href":"https:\/\/makra-computershop.nl\/index.php\/wp-json\/wp\/v2\/media?parent=293"}],"wp:term":[{"taxonomy":"product_brand","embeddable":true,"href":"https:\/\/makra-computershop.nl\/index.php\/wp-json\/wp\/v2\/product_brand?post=293"},{"taxonomy":"product_cat","embeddable":true,"href":"https:\/\/makra-computershop.nl\/index.php\/wp-json\/wp\/v2\/product_cat?post=293"},{"taxonomy":"product_tag","embeddable":true,"href":"https:\/\/makra-computershop.nl\/index.php\/wp-json\/wp\/v2\/product_tag?post=293"}],"curies":[{"name":"wp","href":"https:\/\/api.w.org\/{rel}","templated":true}]}}